5*p + 33*p - u + 514 = 0. Suppose -463 = -19*o + p. Calculate the highest common divisor of 95 and o.
19
Let w(p) = p**3 + 11*p**2 + p + 31. Let y be w(-11). Let j be 1*(-125)/y*-24. What is the greatest common factor of j and 250?
50
Suppose -5*x = -25, -5*f - 1280 = -2*f - 4*x. Let i = 435 + f. Calculate the greatest common factor of i and 15.
15
Suppose f - 2*o = 12, f = -4*o + 26 - 14. Let q(j) = j**3 + 4*j**2 - 2*j - 2. Let s be q(2). What is the highest common divisor of s and f?
6
Suppose -h + 6 = 2*q, 6*h - 4*h + 3*q = 10. Suppose 0 = h*y - 2*t - 48, y + t - 6*t = 20. What is the greatest common factor of 175 and y?
25
Let s be (-3)/(-18)*-1*-6. Let z = s + 11. Let t = -77 - -113. Calculate the highest common factor of t and z.
12
Suppose 5 = -5*v - 20, 0 = 5*w - v - 20. Suppose -67 + 298 = w*p. Calculate the highest common divisor of p and 21.
7
Suppose -234*s + 229*s + 4690 = 0. What is the highest common factor of 21 and s?
7
Let j(f) = -7 + 2*f**2 + 126 + 69*f - 41*f - f**2. Let u be j(-27). What is the greatest common factor of 46 and u?
46
Let b be (-3)/(2*3/(-714)). Let u be 6*-1 + 2 + (-1200)/(-48). Calculate the highest common divisor of b and u.
21
Let c be 616/56 + 1*-7. Let x be 2/c*(-18 - -62). What is the highest common divisor of x and 88?
22
Suppose 5*f - 4*z + 36 - 519 = 0, -4*f = 4*z - 372. What is the greatest common factor of 15 and f?
5
Let y(x) = -608*x - 580. Let d be y(-14). Calculate the highest common divisor of 12 and d.
12
Let g(d) = -18*d. Let f be g(-3). Let k(j) = -26467*j + 106120. Let b be k(4). What is the greatest common factor of b and f?
18
Let t be (1 + -2)/(-1)*90. Let y be 2/12 - 15*(-438)/108. Suppose -5*l + 66*q = y*q - 110, l - 10 = -2*q. What is the greatest common factor of t and l?
18
Suppose -2*a + 5*k = k - 76, 8 = -2*k. Suppose -4*h + a = -3*h. Suppose 3*y + h = 2*j + 2*y, -3*j + 40 = -4*y. What is the greatest common factor of j and 2?
2
Suppose -168 = -3*a - 6. Let i = a - 51. Suppose 2*o - 9 = -y + 13, i*y - 3 = o. What is the greatest common factor of o and 1?
1
Let b(u) = u**3 + 26*u**2 + 149*u - 2. Let n be b(-9). What is the greatest common divisor of n and 13974?
34
Let i = -1814 + 1831. What is the highest common factor of i and 8?
1
Suppose 13*f - 4*r = 8*f + 1004, 2*f - 420 = -3*r. What is the highest common divisor of 36 and f?
12
Suppose 4*t = -2*x + 30, -t - x - 2*x + 10 = 0. Let i be (-4)/(-12) - 208/(-6). Suppose -4*a = a - i. Calculate the highest common divisor of a and t.
7
Let k(a) = 27*a + 832. Let r be k(-16). Calculate the highest common factor of 368 and r.
16
Let j = -191289 + 191303. Let y be 20/6 - (-3)/(-9). Suppose -26 = -2*d - 4*w, -y*d + 0*w + 2*w = -71. Calculate the highest common divisor of d and j.
7
Suppose -88 = -3*o + 47. Suppose -5*v = w - 14 + 39, 26 = -2*w - 2*v. Let d = w - -15. What is the greatest common factor of d and o?
5
Let v(u) = 42*u**3 - 2*u**2 + 2*u. Let y be v(1). Let h = -162 + 158. Let a be 3 + 1 + 2 + 0/h. Calculate the highest common divisor of a and y.
6
Suppose 3*f + 4*p + 37 = -19, p - 81 = 4*f. Let v(y) = -2*y**3 - 40*y**2 + 2. Let j be v(f). What is the greatest common divisor of j and 28?
2
Let w(p) = -4*p**3 + 2*p**2. Let a be w(-3). Suppose 9*j - 4*j = 3*s - 84, -11*s + 222 = -4*j. What is the greatest common factor of a and s?
18
Let m be 5/(-15)*(-11 + 2)/1. Let k be 60/(25/5) + m. What is the greatest common factor of k and 105?
15
Let v be (-362)/(-7 - (-1 + -4)) + -10. What is the greatest common divisor of v and 247?
19
Let u(i) = -6*i + 7. Let x be u(-1). Suppose 0 = 5*p + x*p - 180. Let k(g) = 2*g**2 - 12*g + 6. Let z be k(12). Calculate the highest common divisor of p and z.
10
Let y be ((8/(-10))/(8/1120))/(14/(-126)). What is the highest common divisor of 231 and y?
21
Let g(m) = 8*m + 124. Let d be g(-15). Suppose d*v = 4*c - 84, 5*c + 23*v = 21*v + 105. Calculate the greatest common divisor of c and 399.
21
Let n(f) be the second derivative of -f**4/12 - 7*f**3/3 + 19*f**2/2 + 10*f. Let a be n(-14). Let b = 29 - a. Calculate the greatest common divisor of b and 70.
10
Suppose -4*x + 2*c = 494, 0 = 6*x - x - c + 616. Let u = -42 - x. Calculate the highest common factor of u and 9.
9
Let g(j) = 38*j + 387. Let l be g(-9). What is the greatest common factor of l and 705?
15
Suppose 2*r - 372 = -5*b, 7*b + 2*r + 294 = 11*b. Calculate the highest common divisor of b and 1406.
74
Suppose -147*l + 1835 + 1109 = -115*l. Let t = 35 - 12. Calculate the highest common factor of l and t.
23
Suppose -5*h = 5*w - 2*h - 89, 0 = -5*h + 15. What is the greatest common factor of w and 716?
4
Let q be (-44)/(-4) + (5 - -5). Let v be -182*2/((-16)/12). Calculate the highest common divisor of q and v.
21
Suppose -12*m + 80 = -16. Let v be (12/m - 3)*-2. What is the greatest common divisor of v and 2?
1
Let x(f) = f**3 - 200*f + 6 + 204*f + 7*f**2 + 5 + 41. Let v be x(-5). Calculate the highest common factor of v and 123.
41
Let m be 20/((6/(-9))/(-1)). Suppose 4*i - 4*a = 208, -2*i - a = 3*i - 248. What is the highest common factor of m and i?
10
Suppose -v + 1377 = 3*a, -5*v = 14*a - 10*a - 1825. Calculate the highest common divisor of 100 and a.
20
Suppose 66*t + 71*t - 42592 = 16*t. What is the highest common divisor of 1680 and t?
16
Let x(u) = 5*u + 5. Let g be x(1). Let b be ((-564)/g)/((-402)/30 - -13). Calculate the greatest common factor of b and 6.
3
Suppose 0 = 8*j - 3*j + 2*o, 0 = -5*o. Suppose -3*h + 719 + 100 = j. Calculate the greatest common divisor of h and 21.
21
Suppose -p = -4*s + 3, 5*s - 5 = -p + 1. Let k be (-2 - -3)*p*13. What is the highest common factor of k and 65?
13
Let o be 8/40*29*5. Suppose -3*u + o*s = 25*s - 96, -s = -2*u + 59. Calculate the greatest common factor of 20 and u.
4
Let g(d) = 3*d**2 - 13*d - 22. Let t be g(6). Let k be 1970/25 + t/(-10). What is the highest common factor of k and 6?
6
Suppose 5*f + 5003 = f - d, -d = -f - 1257. Let x be 296/370 + f/(-10). Calculate the highest common factor of 14 and x.
14
Let v be ((-4)/(-30) - 5569/30)*-2. Suppose -2*d + 493 + v = 2*b, -3*b + 1306 = d. Calculate the highest common factor of b and 19.
19
Suppose -72*q + 97502 = -4306. Calculate the greatest common divisor of 303 and q.
101
Suppose 18 + 3 = 3*p. Let u = 3413 - 2043. Let i be 6/10 - u/(-50). What is the highest common factor of i and p?
7
Let s = -16 + 21. Let f be -2 - ((2 - s) + -8). Let c = 6844 + -6763. What is the greatest common divisor of c and f?
9
Suppose 19*p - 10*p = 0. Suppose -3*k + 94 + 116 = p. Let u(y) = 9*y**2 - 2*y - 1. Let q be u(-1). What is the greatest common factor of k and q?
10
Suppose -3*a + 516 = -9*n + 12*n, 196 = n - 5*a. What is the highest common factor of n and 77?
11
Let c(j) = -21*j - 14. Let a be c(-4). Suppose -28*s - 420 = -a*s. Suppose -3*i - 2*i = -350. Calculate the greatest common divisor of i and s.
10
Let r be 2963 + 2 - ((-9)/(-3) - -2). Let k be r/12 + (6/(-9) - 0). Calculate the greatest common factor of k and 6.
6
Suppose -3*g + 16 - 2 = -2*o, -2*o = 2*g - 26. Suppose -g*s = -7*s - 4. Suppose 0 = -32*j + 236 - 108. Calculate the highest common divisor of s and j.
4
Let w = 354 - 330. Let t be (-1)/4 - (-119)/28. Suppose -h + 132 = t*z - 537, h + 171 = z. Calculate the highest common divisor of z and w.
24
Suppose 0 = b + 2*y - 29, 2*b - 4*y - 78 + 4 = 0. Let i be (1 - 2 - -2)*(b - 12). Calculate the greatest common factor of 105 and i.
21
Let o = -2464 - -1982. Let b(s) = -261*s**3 - s**2 - s + 1. Let n be b(1). Let r = n - o. Calculate the greatest common divisor of 20 and r.
20
Suppose -t + 0*t + 48 = 0. Let a = -33 + t. Suppose -11*b + 10*b - 404 = -3*v, -4*v = 2*b - 542. What is the highest common divisor of a and v?
15
Let a = -321 + 321. Suppose -5*w - 104 + 304 = a. What is the greatest common divisor of w and 60?
20
Let z = -182 - -81. Let v = -86 - z. Let u be (-3)/(6/(-5))*24. What is the highest common factor of u and v?
15
Let v = 13 + 5. Let y = 28 - v. Suppose -5*z = -0 - y. Calculate the highest common factor of z and 6.
2
Let c = -483 - -311. Let l be -3 + ((-4)/(-8))/((-2)/c). Let s = l - -20. What is the highest common factor of 12 and s?
12
Let b be (-645)/(-6) + (-7)/(-28)*-6. Calculate the highest common factor o